{"id":48,"date":"2023-01-31T00:32:33","date_gmt":"2023-01-30T23:32:33","guid":{"rendered":"http:\/\/poprostuparyz.pl\/?page_id=48"},"modified":"2023-09-12T17:04:31","modified_gmt":"2023-09-12T15:04:31","slug":"bonjour-paris","status":"publish","type":"page","link":"https:\/\/poprostuparyz.pl\/","title":{"rendered":""},"content":{"rendered":"\n<p class=\"has-text-align-center has-medium-font-size\">Przewodnik sprawi, \u017ce podr\u00f3\u017c, mieszkanie i zwiedzanie Pary\u017ca b\u0119dzie \u0142atwe i przyjemne, a do tego niedrogie.\u00a0Przed podr\u00f3\u017c\u0105 sprawdzisz co dla Ciebie jest ciekawe, a dzi\u0119ki temu nie pominiesz miejsc, kt\u00f3rych m\u00f3g\u0142by\u015b \u017ca\u0142owa\u0107. W przewodniku znajdziesz miejsca ma\u0142o popularne maj\u0105ce r\u00f3wnie niesamowit\u0105 historie jak te najpopularniejsze. Ciekawostki historyczne oraz architektoniczne, a wszystko okraszone zdj\u0119ciami dzi\u0119ki kt\u00f3rym chcemy tam by\u0107.  <\/p>\n\n\n\n<p class=\"has-text-align-center has-medium-font-size\" style=\"margin-top:0;margin-right:0;margin-bottom:0;margin-left:0\">W przewodniku zawarty jest link do mapy Google z zaznaczonymi punktami wed\u0142ug stref. <\/p>\n\n\n\n<p class=\"has-text-align-center has-medium-font-size\"><\/p>\n\n\n\n<div style=\"height:21px\" aria-hidden=\"true\" class=\"wp-block-spacer\"><\/div>\n","protected":false},"excerpt":{"rendered":"<p>Przewodnik sprawi, \u017ce podr\u00f3\u017c, mieszkanie i zwiedzanie Pary\u017ca b\u0119dzie \u0142atwe i przyjemne, a do tego niedrogie.\u00a0Przed podr\u00f3\u017c\u0105 sprawdzisz co dla Ciebie jest ciekawe, a dzi\u0119ki temu nie pominiesz miejsc, kt\u00f3rych m\u00f3g\u0142by\u015b \u017ca\u0142owa\u0107. W przewodniku znajdziesz miejsca ma\u0142o popularne maj\u0105ce r\u00f3wnie niesamowit\u0105 historie jak te najpopularniejsze. Ciekawostki historyczne oraz architektoniczne, a wszystko okraszone zdj\u0119ciami dzi\u0119ki kt\u00f3rym [&hellip;]<\/p>\n","protected":false},"author":1,"featured_media":0,"parent":0,"menu_order":0,"comment_status":"closed","ping_status":"closed","template":"","meta":{"om_disable_all_campaigns":false,"_monsterinsights_skip_tracking":false,"_monsterinsights_sitenote_active":false,"_monsterinsights_sitenote_note":"","_monsterinsights_sitenote_category":0,"footnotes":""},"class_list":["post-48","page","type-page","status-publish","hentry"],"aioseo_notices":[],"_links":{"self":[{"href":"https:\/\/poprostuparyz.pl\/index.php?rest_route=\/wp\/v2\/pages\/48","targetHints":{"allow":["GET"]}}],"collection":[{"href":"https:\/\/poprostuparyz.pl\/index.php?rest_route=\/wp\/v2\/pages"}],"about":[{"href":"https:\/\/poprostuparyz.pl\/index.php?rest_route=\/wp\/v2\/types\/page"}],"author":[{"embeddable":true,"href":"https:\/\/poprostuparyz.pl\/index.php?rest_route=\/wp\/v2\/users\/1"}],"replies":[{"embeddable":true,"href":"https:\/\/poprostuparyz.pl\/index.php?rest_route=%2Fwp%2Fv2%2Fcomments&post=48"}],"version-history":[{"count":14,"href":"https:\/\/poprostuparyz.pl\/index.php?rest_route=\/wp\/v2\/pages\/48\/revisions"}],"predecessor-version":[{"id":209,"href":"https:\/\/poprostuparyz.pl\/index.php?rest_route=\/wp\/v2\/pages\/48\/revisions\/209"}],"wp:attachment":[{"href":"https:\/\/poprostuparyz.pl\/index.php?rest_route=%2Fwp%2Fv2%2Fmedia&parent=48"}],"curies":[{"name":"wp","href":"https:\/\/api.w.org\/{rel}","templated":true}]}}